{"id":400,"date":"2024-04-12T22:41:43","date_gmt":"2024-04-12T20:41:43","guid":{"rendered":"https:\/\/www.darlingsew.com\/?post_type=product&#038;p=400"},"modified":"2024-04-12T23:26:03","modified_gmt":"2024-04-12T21:26:03","slug":"paire-de-lacets-briques-sur-fond-corail","status":"publish","type":"product","link":"https:\/\/www.darlingsew.com\/index.php\/produit\/paire-de-lacets-briques-sur-fond-corail\/","title":{"rendered":"Paire de Lacets &#8211; Feuilles de Palmiers Briques sur Fond Corail."},"content":{"rendered":"<p>Paire de Lacets &#8211; Motifs feuilles de palmiers briques sur fond corail.<\/p>\n<p>R\u00e9alis\u00e9s en tissu coton brique et corail avec \u00a0embouts m\u00e9talliques effet vieilli pour une belle finition.<\/p>\n<p>Ils rehausseront \u00e0 merveille une paire de baskets blanches ou tout autre mod\u00e8le.<\/p>\n<p>Taille : Longueur 120cm &#8211; Diam\u00e8tre de l\u2019embout 0,4cm<\/p>\n<p>Mod\u00e8le en mini s\u00e9rie*<\/p>\n<p>*Toutes mes cr\u00e9ations sont r\u00e9alis\u00e9es en mod\u00e8le unique ou en mini s\u00e9ries (2 \u00e0 3 exemplaires maximum).<\/p>\n<p><em>TVA non applicable<\/em><\/p>\n","protected":false},"excerpt":{"rendered":"<p style=\"text-align: left;\">Paire de Lacets &#8211; Motifs feuilles de palmiers briques sur fond corail.<\/p>\n<p>Taille : Longueur 120 cm &#8211; Diam\u00e8tre de l\u2019embout 0,4cm<\/p>\n<p>Mod\u00e8le en mini s\u00e9rie*<\/p>\n<p>*Toutes mes cr\u00e9ations sont r\u00e9alis\u00e9es en mod\u00e8le unique ou en mini s\u00e9ries (2 \u00e0 3 exemplaires maximum).<\/p>\n","protected":false},"featured_media":401,"comment_status":"open","ping_status":"closed","template":"","meta":[],"product_cat":[36,40,20],"product_tag":[41,42],"class_list":{"0":"post-400","1":"product","2":"type-product","3":"status-publish","4":"has-post-thumbnail","6":"product_cat-accessoire","7":"product_cat-chaussure-accessoires","8":"product_cat-nouveautes","9":"product_tag-accessoires","10":"product_tag-lacets","11":"has-single-img","13":"first","14":"instock","15":"featured","16":"shipping-taxable","17":"purchasable","18":"product-type-simple"},"jetpack_sharing_enabled":true,"_links":{"self":[{"href":"https:\/\/www.darlingsew.com\/index.php\/wp-json\/wp\/v2\/product\/400","targetHints":{"allow":["GET"]}}],"collection":[{"href":"https:\/\/www.darlingsew.com\/index.php\/wp-json\/wp\/v2\/product"}],"about":[{"href":"https:\/\/www.darlingsew.com\/index.php\/wp-json\/wp\/v2\/types\/product"}],"replies":[{"embeddable":true,"href":"https:\/\/www.darlingsew.com\/index.php\/wp-json\/wp\/v2\/comments?post=400"}],"wp:featuredmedia":[{"embeddable":true,"href":"https:\/\/www.darlingsew.com\/index.php\/wp-json\/wp\/v2\/media\/401"}],"wp:attachment":[{"href":"https:\/\/www.darlingsew.com\/index.php\/wp-json\/wp\/v2\/media?parent=400"}],"wp:term":[{"taxonomy":"product_cat","embeddable":true,"href":"https:\/\/www.darlingsew.com\/index.php\/wp-json\/wp\/v2\/product_cat?post=400"},{"taxonomy":"product_tag","embeddable":true,"href":"https:\/\/www.darlingsew.com\/index.php\/wp-json\/wp\/v2\/product_tag?post=400"}],"curies":[{"name":"wp","href":"https:\/\/api.w.org\/{rel}","templated":true}]}}