{"id":434,"date":"2024-04-13T00:47:14","date_gmt":"2024-04-12T22:47:14","guid":{"rendered":"https:\/\/www.darlingsew.com\/?post_type=product&#038;p=434"},"modified":"2024-04-13T11:25:12","modified_gmt":"2024-04-13T09:25:12","slug":"mariniere-rouge-brodee","status":"publish","type":"product","link":"https:\/\/www.darlingsew.com\/index.php\/produit\/mariniere-rouge-brodee\/","title":{"rendered":"Marini\u00e8re Rouge Brod\u00e9e"},"content":{"rendered":"<p>Marini\u00e8re col bateau rouge persan sur fond beige.<\/p>\n<p>L\u00e9g\u00e8rement \u00e9vas\u00e9e brod\u00e9e main<\/p>\n<p>Tr\u00e8s pratique et tendance, elle se portera tr\u00e8s facilement avec un jean ou tout autre pantalon.<\/p>\n<p>R\u00e9alis\u00e9e dans un jersey 100% coton 280g\/ml-193m2<\/p>\n<p>Mod\u00e8le unique* en Taille L<\/p>\n<p>Facile d\u2019entretien (lavable en machine \u00e0 30\u00b0- pr\u00e9f\u00e9rer le s\u00e9chage naturel )<\/p>\n<p>&nbsp;<\/p>\n<p>*Toutes mes cr\u00e9ations sont r\u00e9alis\u00e9es en mod\u00e8le unique ou en mini s\u00e9ries (2 \u00e0 3 exemplaires maximum).<\/p>\n<p><em>TVA non applicable<\/em><\/p>\n","protected":false},"excerpt":{"rendered":"<p>Marini\u00e8re \u00a0Brod\u00e9e Main Rouge persan sur fond beige.<\/p>\n<p>Mod\u00e8le unique* en Taille L.<\/p>\n<p>*Toutes mes cr\u00e9ations sont r\u00e9alis\u00e9es en mod\u00e8le unique ou en mini s\u00e9ries (2 \u00e0 3 exemplaires maximum).<\/p>\n","protected":false},"featured_media":431,"comment_status":"open","ping_status":"closed","template":"","meta":[],"product_cat":[29,30,22],"product_tag":[33,31,32],"class_list":{"0":"post-434","1":"product","2":"type-product","3":"status-publish","4":"has-post-thumbnail","6":"product_cat-t-shirt","7":"product_cat-top","8":"product_cat-vendu","9":"product_tag-100-coton","10":"product_tag-mariniere","11":"product_tag-rouge-beige","12":"has-single-img","14":"first","15":"outofstock","16":"shipping-taxable","17":"purchasable","18":"product-type-simple"},"jetpack_sharing_enabled":true,"_links":{"self":[{"href":"https:\/\/www.darlingsew.com\/index.php\/wp-json\/wp\/v2\/product\/434","targetHints":{"allow":["GET"]}}],"collection":[{"href":"https:\/\/www.darlingsew.com\/index.php\/wp-json\/wp\/v2\/product"}],"about":[{"href":"https:\/\/www.darlingsew.com\/index.php\/wp-json\/wp\/v2\/types\/product"}],"replies":[{"embeddable":true,"href":"https:\/\/www.darlingsew.com\/index.php\/wp-json\/wp\/v2\/comments?post=434"}],"wp:featuredmedia":[{"embeddable":true,"href":"https:\/\/www.darlingsew.com\/index.php\/wp-json\/wp\/v2\/media\/431"}],"wp:attachment":[{"href":"https:\/\/www.darlingsew.com\/index.php\/wp-json\/wp\/v2\/media?parent=434"}],"wp:term":[{"taxonomy":"product_cat","embeddable":true,"href":"https:\/\/www.darlingsew.com\/index.php\/wp-json\/wp\/v2\/product_cat?post=434"},{"taxonomy":"product_tag","embeddable":true,"href":"https:\/\/www.darlingsew.com\/index.php\/wp-json\/wp\/v2\/product_tag?post=434"}],"curies":[{"name":"wp","href":"https:\/\/api.w.org\/{rel}","templated":true}]}}